{"id":67,"date":"2023-02-08T01:27:56","date_gmt":"2023-02-08T01:27:56","guid":{"rendered":"https:\/\/etn.com.mx\/bolsa-de-trabajo\/?page_id=67"},"modified":"2025-05-14T16:53:03","modified_gmt":"2025-05-14T22:53:03","slug":"bolsa-de-trabajo-etn-turistar","status":"publish","type":"page","link":"https:\/\/etn.com.mx\/bolsa-de-trabajo\/","title":{"rendered":"Bolsa de Trabajo"},"content":{"rendered":"\n<h1 class=\"wp-block-heading has-text-align-center\"><img decoding=\"async\" class=\"tres-ico\" src=\"https:\/\/etn.com.mx\/img\/Bolsa_Trabajo.webp\" style=\"width: 70px;\" alt=\"Bolsa de trabajo ETN\"><strong>Bolsa de Trabajo<\/strong><\/h1>\n\n\n\n<hr class=\"wp-block-separator has-text-color has-alpha-channel-opacity has-background is-style-wide\" style=\"background-color:#d8d8d8;color:#d8d8d8\"\/>\n\n\n\n<div style=\"height:40px\" aria-hidden=\"true\" class=\"wp-block-spacer\"><\/div>\n\n\n\n<p class=\"has-text-align-center\">Parte de nuestra calidad en el servicio es el equipo de trabajo que conforman las empresas transportaci\u00f3n terrestre de pasajeros&nbsp;<strong>ETN<\/strong>&nbsp;y&nbsp;<strong>Turistar.<\/strong><br><br>Buscamos personas comprometidas, responsables y enfocadas en brindar el mejor servicio a nuestros clientes. Cont\u00e1ctanos, estamos interesados en personas con mucho potencial.<\/p>\n\n\n<div class=\"sjb-page\">\r\n<!-- Start: Jobs Listing Wrapper -->\r\n\r\n\r\n<!-- Start Job Filters\r\n================================================== -->\r\n<div class=\"sjb-filters sjb-filters-v1\">\r\n        <form class=\"filters-form\" action=\"https:\/\/etn.com.mx\/bolsa-de-trabajo\/\" method=\"get\">\r\n        <div class=\"row\">\r\n            \r\n    <!-- Keywords Search-->    \r\n    <div class=\"sjb-search-keywords col-md-10 col-xs-12\">\r\n        <div class=\"form-group\">\r\n                            <input type=\"hidden\" value=\"67\" name=\"page_id\" >\r\n                        <label class=\"sr-only\" for=\"keywords\">Palabras clave<\/label>\r\n            <input type=\"text\" class=\"form-control\" value=\"\" placeholder=\"Palabras clave\" id=\"keywords\" name=\"search_keywords\">\r\n        <\/div>\r\n    <\/div>\r\n    <div class=\"sjb-search-button col-md-3 col-xs-12\"><input class=\"btn-search btn btn-primary\" value=\"&#xf002;\" type=\"submit\"><\/div>        <\/div>\r\n    <\/form>\r\n<\/div>\r\n<!-- ==================================================\r\nEnd Job Filters -->\r\n\r\n\r\n<div class=\"sjb-listing\">\r\n        <!-- start Jobs Listing: List View -->\r\n    <div class=\"list-view\">\r\n        \r\n    \n<!-- Start Jobs List View \n================================================== -->\n<div class=\"list-data\">\n    <div class=\"v1 sjb-job-2468\">   \n        \n        <!-- Jobs List view header -->\n        <header>\n            <div class=\"row\">\n                \r\n<!-- Start Company Logo\r\n================================================== -->\r\n<div class=\"col-md-1 col-sm-2 hidden-xs\">\r\n    <div class=\"company-logo\">\r\n        <a href=\"https:\/\/etn.com.mx\/bolsa-de-trabajo\/?jobpost=web-seo-y-sem\"><img decoding=\"async\" src=\"https:\/\/etn.com.mx\/bolsa-de-trabajo\/wp-content\/uploads\/2023\/03\/tiempo-300x253.png\" alt=\"\" class=\"sjb-img-responsive \" id=\"\"\/><\/a>\r\n    <\/div>\r\n<\/div>\r\n\r\n<!-- ==================================================\r\nEnd Company Logo -->\r\n\r\n    \n                <div class=\"col-md-11 col-sm-12\">\n                    <div class=\"row sjb-list-row\">\n\n                    <div class=\"col-md-5 col-sm-12\">\r\n    <div class=\"job-info\">\r\n        <h4>\r\n            <a href=\"https:\/\/etn.com.mx\/bolsa-de-trabajo\/?jobpost=web-seo-y-sem\">\r\n                <span class=\"job-title\">Web SEO y SEM<\/span>            <\/a>\r\n\r\n        <\/h4>\r\n            <\/div>\r\n<\/div>\r\n\r\n<!-- Start Job Type\r\n================================================== -->\r\n<div class=\"col-md-2 col-sm-4 col-xs-12\">    \r\n     \r\n<\/div>\r\n<!-- ==================================================\r\nEnd Job Type -->\r\n\r\n\r\n<!-- Start Job's Location\r\n================================================== -->\r\n<div class=\"col-md-2 col-sm-4 col-xs-12\">\r\n    <\/div>\r\n<!-- ==================================================\r\nEnd Job's Location -->\r\n\r\n\r\n<!-- Start Job Posted Date\r\n================================================== -->\r\n<div class=\"col-md-3 col-sm-4 col-xs-12\">\r\n            <div class=\"job-date\"><i class=\"fa  fa-calendar-check\"><\/i>Publicado hace 11 meses<\/div>\r\n    <\/div>\r\n<!-- ==================================================\r\nEnd Job Posted Date -->\r\n\r\n                        \n                    <\/div> \n                <\/div>\n            <\/div>\n        <\/header>\n\n        \r\n    <!-- View more content start\r\n    ================================= -->\r\n    \r\n<!-- View long content start \r\n================================================== -->\r\n<div class=\"sjb_more_content\" id=\"sjb_more_content_2468\">\r\n    <!-- wp:paragraph -->\n<p>Se solicita Desarrollador Web<\/p>\n<!-- \/wp:paragraph -->\n\n<!-- wp:paragraph -->\n<p>Conocimientos en HTML5, CSS y JS, Bootstrap y Gestores de Contenidos<\/p>\n<!-- \/wp:paragraph -->\n\n<!-- wp:paragraph -->\n<p>Conocimientos en SEO t\u00e9cnico, seguimiento de KPIs de estrategias en sitios web, seguimiento de KPIs y auditorias en campa\u00f1as de ADS<\/p>\n<!-- \/wp:paragraph -->\n\n<!-- wp:paragraph -->\n<p>Manejo de Analytics, Search Console, Looker Studio y SemRush<\/p>\n<!-- \/wp:paragraph -->\n\n<!-- wp:paragraph -->\n<p><em>Si est\u00e1s interesado, favor de postularte por este medio<\/em>.<\/p>\n<!-- \/wp:paragraph -->\n\n<!-- wp:paragraph -->\n<p><\/p>\n<!-- \/wp:paragraph -->    \r\n<!-- Start Job Features\r\n================================================== -->\r\n<div class=\"job-features\">\r\n            <h3>Detalle del trabajo<\/h3>\r\n        \r\n    <table class=\"table\">\r\n        <tbody>\r\n            \r\n                <tr><td style=\"padding: 8px;\">Sueldo<\/td><td style=\"padding: 8px;\">14,000 Mensuales <\/td><\/tr><tr><td style=\"padding: 8px;\">Temporalidad<\/td><td style=\"padding: 8px;\">Indeterminado <\/td><\/tr><tr><td style=\"padding: 8px;\">Horario<\/td><td style=\"padding: 8px;\">Tiempo Completo <\/td><\/tr><tr><td style=\"padding: 8px;\">Lugar<\/td><td style=\"padding: 8px;\">CDMX <\/td><\/tr>        <\/tbody>\r\n    <\/table>\r\n<\/div>\r\n<!-- ==================================================\r\nEnd Job Features -->\r\n\r\n<div class=\"clearfix\"><\/div>\r\n<\/div>\r\n<!-- ==================================================\r\nView long content end  -->\r\n\r\n    <!-- View more content end\r\n    ================================= -->\r\n\r\n    <!-- Start Job Short Description \r\n    ================================================== -->\r\n    <div class=\"job-description\">\r\n        <div id=\"sjb_less_content_2468\"><p>Se solicita Desarrollador Web Conocimientos en HTML5, CSS y JS, Bootstrap y Gestores de Contenidos Conocimientos en SEO t\u00e9cnico, seguimiento de KPIs de estrategias en sitios web, seguimiento de KPIs &#8230;<\/p><\/div><div class=\"sjb-apply-now-btn\"><p><p><a href=\"https:\/\/etn.com.mx\/bolsa-de-trabajo\/?jobpost=web-seo-y-sem\" class=\"btn btn-primary \">Leer m\u00e1s<\/a><\/p><div class=\"sjb-view-less-btn\" id=\"sjb_view_less_btn_2468\"><a data-id=\"2468\" class=\"sjb_view_less_btn sjb_view_more_btn\">View less<\/a><\/div><\/p><\/div>    <\/div>\r\n    <!-- ==================================================\r\n    End Job Short Description  -->\r\n\r\n        <\/div>\n<\/div>\n<!-- ==================================================\nEnd Jobs List View -->\n\n<div class=\"clearfix\"><\/div>\n\n\n<!-- Start Jobs List View \n================================================== -->\n<div class=\"list-data\">\n    <div class=\"v1 sjb-job-1266\">   \n        \n        <!-- Jobs List view header -->\n        <header>\n            <div class=\"row\">\n                \r\n<!-- Start Company Logo\r\n================================================== -->\r\n<div class=\"col-md-1 col-sm-2 hidden-xs\">\r\n    <div class=\"company-logo\">\r\n        <a href=\"https:\/\/etn.com.mx\/bolsa-de-trabajo\/?jobpost=experto-sistema-brightsign\"><img decoding=\"async\" src=\"https:\/\/etn.com.mx\/bolsa-de-trabajo\/wp-content\/uploads\/2023\/03\/tiempo-300x253.png\" alt=\"\" class=\"sjb-img-responsive \" id=\"\"\/><\/a>\r\n    <\/div>\r\n<\/div>\r\n\r\n<!-- ==================================================\r\nEnd Company Logo -->\r\n\r\n    \n                <div class=\"col-md-11 col-sm-12\">\n                    <div class=\"row sjb-list-row\">\n\n                    <div class=\"col-md-5 col-sm-12\">\r\n    <div class=\"job-info\">\r\n        <h4>\r\n            <a href=\"https:\/\/etn.com.mx\/bolsa-de-trabajo\/?jobpost=experto-sistema-brightsign\">\r\n                <span class=\"job-title\">Experto en Sistema Carteleria Digital Brightsign<\/span>            <\/a>\r\n\r\n        <\/h4>\r\n            <\/div>\r\n<\/div>\r\n\r\n<!-- Start Job Type\r\n================================================== -->\r\n<div class=\"col-md-2 col-sm-4 col-xs-12\">    \r\n     \r\n<\/div>\r\n<!-- ==================================================\r\nEnd Job Type -->\r\n\r\n\r\n<!-- Start Job's Location\r\n================================================== -->\r\n<div class=\"col-md-2 col-sm-4 col-xs-12\">\r\n    <\/div>\r\n<!-- ==================================================\r\nEnd Job's Location -->\r\n\r\n\r\n<!-- Start Job Posted Date\r\n================================================== -->\r\n<div class=\"col-md-3 col-sm-4 col-xs-12\">\r\n            <div class=\"job-date\"><i class=\"fa  fa-calendar-check\"><\/i>Publicado hace 1 a\u00f1o<\/div>\r\n    <\/div>\r\n<!-- ==================================================\r\nEnd Job Posted Date -->\r\n\r\n                        \n                    <\/div> \n                <\/div>\n            <\/div>\n        <\/header>\n\n        \r\n    <!-- View more content start\r\n    ================================= -->\r\n    \r\n<!-- View long content start \r\n================================================== -->\r\n<div class=\"sjb_more_content\" id=\"sjb_more_content_1266\">\r\n    <!-- wp:paragraph -->\n<p><strong>Experiencia y conocimientos <\/strong>en Brigthsign<\/p>\n<!-- \/wp:paragraph -->\n\n<!-- wp:paragraph -->\n<p>Tener buena comunicaci\u00f3n, capacidad de an\u00e1lisis, gesti\u00f3n de tiempos, organizaci\u00f3n y resoluci\u00f3n de problemas.<\/p>\n<!-- \/wp:paragraph -->\n\n<!-- wp:paragraph -->\n<p>Funciones:<\/p>\n<!-- \/wp:paragraph -->\n\n<!-- wp:list {\"ordered\":true} -->\n<ol class=\"wp-block-list\"><!-- wp:list-item -->\n<li>Administrar contenidos en carteler\u00eda digital, que se proyectan en diferentes taquillas en la Rep\u00fablica mexicana.<\/li>\n<!-- \/wp:list-item -->\n\n<!-- wp:list-item -->\n<li>Gestionar equipos y solicitudes de carteler\u00eda digital en diferentes puntos f\u00edsicos.<\/li>\n<!-- \/wp:list-item -->\n\n<!-- wp:list-item -->\n<li>Dar soluci\u00f3n a los requerimientos de los diferentes puntos donde se encuentran los equipos de carteler\u00eda digital.<\/li>\n<!-- \/wp:list-item --><\/ol>\n<!-- \/wp:list -->\n\n<!-- wp:paragraph -->\n<p>No tener problemas de horario y tener amplia disposici\u00f3n para aprender.<\/p>\n<!-- \/wp:paragraph -->\n\n<!-- wp:paragraph -->\n<p>Disponibilidad para viajar ocasionalmente.<\/p>\n<!-- \/wp:paragraph -->\n\n<!-- wp:paragraph -->\n<p>Conocimientos:<\/p>\n<!-- \/wp:paragraph -->\n\n<!-- wp:paragraph -->\n<p>HTML5, CSS3, JavaScript, Formatos de imagenes y video, Word, Excel, Power Point, contar con conocimientos en infraestructura de redes e informatica.<\/p>\n<!-- \/wp:paragraph -->\n\n<!-- wp:paragraph -->\n<p><\/p>\n<!-- \/wp:paragraph -->\n\n<!-- wp:paragraph -->\n<p><\/p>\n<!-- \/wp:paragraph -->    \r\n<!-- Start Job Features\r\n================================================== -->\r\n<div class=\"job-features\">\r\n            <h3>Detalle del trabajo<\/h3>\r\n        \r\n    <table class=\"table\">\r\n        <tbody>\r\n            \r\n                <tr><td style=\"padding: 8px;\">Sueldo<\/td><td style=\"padding: 8px;\">13,000 &#8211; 15,000 Mensuales <\/td><\/tr><tr><td style=\"padding: 8px;\">Temporalidad<\/td><td style=\"padding: 8px;\">Indeterminado <\/td><\/tr><tr><td style=\"padding: 8px;\">Horario<\/td><td style=\"padding: 8px;\">Tiempo Completo <\/td><\/tr><tr><td style=\"padding: 8px;\">Lugar<\/td><td style=\"padding: 8px;\">CDMX, Cerca de la Central de Autobuses Observatorio <\/td><\/tr><tr><td style=\"padding: 8px;\">N\u00famero de vacantes<\/td><td style=\"padding: 8px;\">1 <\/td><\/tr>        <\/tbody>\r\n    <\/table>\r\n<\/div>\r\n<!-- ==================================================\r\nEnd Job Features -->\r\n\r\n<div class=\"clearfix\"><\/div>\r\n<\/div>\r\n<!-- ==================================================\r\nView long content end  -->\r\n\r\n    <!-- View more content end\r\n    ================================= -->\r\n\r\n    <!-- Start Job Short Description \r\n    ================================================== -->\r\n    <div class=\"job-description\">\r\n        <div id=\"sjb_less_content_1266\"><p>Experiencia y conocimientos en Brigthsign Tener buena comunicaci\u00f3n, capacidad de an\u00e1lisis, gesti\u00f3n de tiempos, organizaci\u00f3n y resoluci\u00f3n de problemas. Funciones: No tener problemas de horario y t&#8230;<\/p><\/div><div class=\"sjb-apply-now-btn\"><p><p><a href=\"https:\/\/etn.com.mx\/bolsa-de-trabajo\/?jobpost=experto-sistema-brightsign\" class=\"btn btn-primary \">Leer m\u00e1s<\/a><\/p><div class=\"sjb-view-less-btn\" id=\"sjb_view_less_btn_1266\"><a data-id=\"1266\" class=\"sjb_view_less_btn sjb_view_more_btn\">View less<\/a><\/div><\/p><\/div>    <\/div>\r\n    <!-- ==================================================\r\n    End Job Short Description  -->\r\n\r\n        <\/div>\n<\/div>\n<!-- ==================================================\nEnd Jobs List View -->\n\n<div class=\"clearfix\"><\/div>\n\n\r\n    <\/div> <!-- end Jobs Listing: List View -->\r\n<\/div>\r\n<!-- End: Jobs Listing -->\r\n\r\n<div class=\"clearfix\"><\/div>\r\n<\/div>\r\n<!-- End: Jobs Listing Wrapper -->\r\n\r\n","protected":false},"excerpt":{"rendered":"<p>Bolsa de Trabajo Parte de nuestra calidad en el servicio es el equipo de trabajo que conforman las empresas transportaci\u00f3n terrestre de pasajeros&nbsp;ETN&nbsp;y&nbsp;Turistar. Buscamos personas comprometidas, responsables y enfocadas en brindar el mejor servicio a nuestros clientes. Cont\u00e1ctanos, estamos interesados en personas con mucho potencial.<\/p>\n","protected":false},"author":1,"featured_media":0,"parent":0,"menu_order":0,"comment_status":"closed","ping_status":"closed","template":"","meta":{"site-sidebar-layout":"default","site-content-layout":"","ast-site-content-layout":"default","site-content-style":"default","site-sidebar-style":"default","ast-global-header-display":"","ast-banner-title-visibility":"","ast-main-header-display":"","ast-hfb-above-header-display":"","ast-hfb-below-header-display":"","ast-hfb-mobile-header-display":"","site-post-title":"disabled","ast-breadcrumbs-content":"","ast-featured-img":"","footer-sml-layout":"","ast-disable-related-posts":"","theme-transparent-header-meta":"","adv-header-id-meta":"","stick-header-meta":"","header-above-stick-meta":"","header-main-stick-meta":"","header-below-stick-meta":"","astra-migrate-meta-layouts":"set","ast-page-background-enabled":"default","ast-page-background-meta":{"desktop":{"background-color":"var(--ast-global-color-4)","background-image":"","background-repeat":"repeat","background-position":"center center","background-size":"auto","background-attachment":"scroll","background-type":"","background-media":"","overlay-type":"","overlay-color":"","overlay-opacity":"","overlay-gradient":""},"tablet":{"background-color":"","background-image":"","background-repeat":"repeat","background-position":"center center","background-size":"auto","background-attachment":"scroll","background-type":"","background-media":"","overlay-type":"","overlay-color":"","overlay-opacity":"","overlay-gradient":""},"mobile":{"background-color":"","background-image":"","background-repeat":"repeat","background-position":"center center","background-size":"auto","background-attachment":"scroll","background-type":"","background-media":"","overlay-type":"","overlay-color":"","overlay-opacity":"","overlay-gradient":""}},"ast-content-background-meta":{"desktop":{"background-color":"var(--ast-global-color-5)","background-image":"","background-repeat":"repeat","background-position":"center center","background-size":"auto","background-attachment":"scroll","background-type":"","background-media":"","overlay-type":"","overlay-color":"","overlay-opacity":"","overlay-gradient":""},"tablet":{"background-color":"var(--ast-global-color-5)","background-image":"","background-repeat":"repeat","background-position":"center center","background-size":"auto","background-attachment":"scroll","background-type":"","background-media":"","overlay-type":"","overlay-color":"","overlay-opacity":"","overlay-gradient":""},"mobile":{"background-color":"var(--ast-global-color-5)","background-image":"","background-repeat":"repeat","background-position":"center center","background-size":"auto","background-attachment":"scroll","background-type":"","background-media":"","overlay-type":"","overlay-color":"","overlay-opacity":"","overlay-gradient":""}},"footnotes":""},"class_list":["post-67","page","type-page","status-publish","hentry"],"yoast_head":"<!-- This site is optimized with the Yoast SEO plugin v27.3 - https:\/\/yoast.com\/product\/yoast-seo-wordpress\/ -->\n<title>\u00a1\u00danete al equipo ETN Turistar! Bolsa de trabajo<\/title>\n<meta name=\"description\" content=\"Buscamos personas comprometidas, responsables y enfocadas en brindar el mejor servicio a nuestros clientes. \u00a1Integrate a ETN Turistar!\" \/>\n<meta name=\"robots\" content=\"index, follow, max-snippet:-1, max-image-preview:large, max-video-preview:-1\" \/>\n<link rel=\"canonical\" href=\"https:\/\/etn.com.mx\/bolsa-de-trabajo\/\" \/>\n<meta property=\"og:locale\" content=\"es_ES\" \/>\n<meta property=\"og:type\" content=\"article\" \/>\n<meta property=\"og:title\" content=\"\u00a1\u00danete al equipo ETN Turistar! Bolsa de trabajo\" \/>\n<meta property=\"og:description\" content=\"Buscamos personas comprometidas, responsables y enfocadas en brindar el mejor servicio a nuestros clientes. \u00a1Integrate a ETN Turistar!\" \/>\n<meta property=\"og:url\" content=\"https:\/\/etn.com.mx\/bolsa-de-trabajo\/\" \/>\n<meta property=\"og:site_name\" content=\"Bolsa de Trabajo\" \/>\n<meta property=\"article:modified_time\" content=\"2025-05-14T22:53:03+00:00\" \/>\n<meta property=\"og:image\" content=\"https:\/\/etn.com.mx\/img\/Bolsa_Trabajo.webp\" \/>\n<meta name=\"twitter:card\" content=\"summary_large_image\" \/>\n<meta name=\"twitter:label1\" content=\"Tiempo de lectura\" \/>\n\t<meta name=\"twitter:data1\" content=\"1 minuto\" \/>\n<script type=\"application\/ld+json\" class=\"yoast-schema-graph\">{\"@context\":\"https:\\\/\\\/schema.org\",\"@graph\":[{\"@type\":\"WebPage\",\"@id\":\"https:\\\/\\\/etn.com.mx\\\/bolsa-de-trabajo\\\/\",\"url\":\"https:\\\/\\\/etn.com.mx\\\/bolsa-de-trabajo\\\/\",\"name\":\"\u00a1\u00danete al equipo ETN Turistar! Bolsa de trabajo\",\"isPartOf\":{\"@id\":\"https:\\\/\\\/etn.com.mx\\\/bolsa-de-trabajo\\\/#website\"},\"primaryImageOfPage\":{\"@id\":\"https:\\\/\\\/etn.com.mx\\\/bolsa-de-trabajo\\\/#primaryimage\"},\"image\":{\"@id\":\"https:\\\/\\\/etn.com.mx\\\/bolsa-de-trabajo\\\/#primaryimage\"},\"thumbnailUrl\":\"https:\\\/\\\/etn.com.mx\\\/img\\\/Bolsa_Trabajo.webp\",\"datePublished\":\"2023-02-08T01:27:56+00:00\",\"dateModified\":\"2025-05-14T22:53:03+00:00\",\"description\":\"Buscamos personas comprometidas, responsables y enfocadas en brindar el mejor servicio a nuestros clientes. \u00a1Integrate a ETN Turistar!\",\"breadcrumb\":{\"@id\":\"https:\\\/\\\/etn.com.mx\\\/bolsa-de-trabajo\\\/#breadcrumb\"},\"inLanguage\":\"es\",\"potentialAction\":[{\"@type\":\"ReadAction\",\"target\":[\"https:\\\/\\\/etn.com.mx\\\/bolsa-de-trabajo\\\/\"]}]},{\"@type\":\"ImageObject\",\"inLanguage\":\"es\",\"@id\":\"https:\\\/\\\/etn.com.mx\\\/bolsa-de-trabajo\\\/#primaryimage\",\"url\":\"https:\\\/\\\/etn.com.mx\\\/img\\\/Bolsa_Trabajo.webp\",\"contentUrl\":\"https:\\\/\\\/etn.com.mx\\\/img\\\/Bolsa_Trabajo.webp\"},{\"@type\":\"BreadcrumbList\",\"@id\":\"https:\\\/\\\/etn.com.mx\\\/bolsa-de-trabajo\\\/#breadcrumb\",\"itemListElement\":[{\"@type\":\"ListItem\",\"position\":1,\"name\":\"Portada\",\"item\":\"https:\\\/\\\/etn.com.mx\\\/bolsa-de-trabajo\\\/\"},{\"@type\":\"ListItem\",\"position\":2,\"name\":\"Bolsa de Trabajo\"}]},{\"@type\":\"WebSite\",\"@id\":\"https:\\\/\\\/etn.com.mx\\\/bolsa-de-trabajo\\\/#website\",\"url\":\"https:\\\/\\\/etn.com.mx\\\/bolsa-de-trabajo\\\/\",\"name\":\"Bolsa de Trabajo ETN Turistar\",\"description\":\"\",\"publisher\":{\"@id\":\"https:\\\/\\\/etn.com.mx\\\/bolsa-de-trabajo\\\/#organization\"},\"potentialAction\":[{\"@type\":\"SearchAction\",\"target\":{\"@type\":\"EntryPoint\",\"urlTemplate\":\"https:\\\/\\\/etn.com.mx\\\/bolsa-de-trabajo\\\/?s={search_term_string}\"},\"query-input\":{\"@type\":\"PropertyValueSpecification\",\"valueRequired\":true,\"valueName\":\"search_term_string\"}}],\"inLanguage\":\"es\"},{\"@type\":\"Organization\",\"@id\":\"https:\\\/\\\/etn.com.mx\\\/bolsa-de-trabajo\\\/#organization\",\"name\":\"ETN Turistar\",\"url\":\"https:\\\/\\\/etn.com.mx\\\/bolsa-de-trabajo\\\/\",\"logo\":{\"@type\":\"ImageObject\",\"inLanguage\":\"es\",\"@id\":\"https:\\\/\\\/etn.com.mx\\\/bolsa-de-trabajo\\\/#\\\/schema\\\/logo\\\/image\\\/\",\"url\":\"https:\\\/\\\/etn.com.mx\\\/bolsa-de-trabajo\\\/wp-content\\\/uploads\\\/2023\\\/02\\\/cropped-logo-etn.png\",\"contentUrl\":\"https:\\\/\\\/etn.com.mx\\\/bolsa-de-trabajo\\\/wp-content\\\/uploads\\\/2023\\\/02\\\/cropped-logo-etn.png\",\"width\":1407,\"height\":193,\"caption\":\"ETN Turistar\"},\"image\":{\"@id\":\"https:\\\/\\\/etn.com.mx\\\/bolsa-de-trabajo\\\/#\\\/schema\\\/logo\\\/image\\\/\"}}]}<\/script>\n<!-- \/ Yoast SEO plugin. -->","yoast_head_json":{"title":"\u00a1\u00danete al equipo ETN Turistar! Bolsa de trabajo","description":"Buscamos personas comprometidas, responsables y enfocadas en brindar el mejor servicio a nuestros clientes. \u00a1Integrate a ETN Turistar!","robots":{"index":"index","follow":"follow","max-snippet":"max-snippet:-1","max-image-preview":"max-image-preview:large","max-video-preview":"max-video-preview:-1"},"canonical":"https:\/\/etn.com.mx\/bolsa-de-trabajo\/","og_locale":"es_ES","og_type":"article","og_title":"\u00a1\u00danete al equipo ETN Turistar! Bolsa de trabajo","og_description":"Buscamos personas comprometidas, responsables y enfocadas en brindar el mejor servicio a nuestros clientes. \u00a1Integrate a ETN Turistar!","og_url":"https:\/\/etn.com.mx\/bolsa-de-trabajo\/","og_site_name":"Bolsa de Trabajo","article_modified_time":"2025-05-14T22:53:03+00:00","og_image":[{"url":"https:\/\/etn.com.mx\/img\/Bolsa_Trabajo.webp","type":"","width":"","height":""}],"twitter_card":"summary_large_image","twitter_misc":{"Tiempo de lectura":"1 minuto"},"schema":{"@context":"https:\/\/schema.org","@graph":[{"@type":"WebPage","@id":"https:\/\/etn.com.mx\/bolsa-de-trabajo\/","url":"https:\/\/etn.com.mx\/bolsa-de-trabajo\/","name":"\u00a1\u00danete al equipo ETN Turistar! Bolsa de trabajo","isPartOf":{"@id":"https:\/\/etn.com.mx\/bolsa-de-trabajo\/#website"},"primaryImageOfPage":{"@id":"https:\/\/etn.com.mx\/bolsa-de-trabajo\/#primaryimage"},"image":{"@id":"https:\/\/etn.com.mx\/bolsa-de-trabajo\/#primaryimage"},"thumbnailUrl":"https:\/\/etn.com.mx\/img\/Bolsa_Trabajo.webp","datePublished":"2023-02-08T01:27:56+00:00","dateModified":"2025-05-14T22:53:03+00:00","description":"Buscamos personas comprometidas, responsables y enfocadas en brindar el mejor servicio a nuestros clientes. \u00a1Integrate a ETN Turistar!","breadcrumb":{"@id":"https:\/\/etn.com.mx\/bolsa-de-trabajo\/#breadcrumb"},"inLanguage":"es","potentialAction":[{"@type":"ReadAction","target":["https:\/\/etn.com.mx\/bolsa-de-trabajo\/"]}]},{"@type":"ImageObject","inLanguage":"es","@id":"https:\/\/etn.com.mx\/bolsa-de-trabajo\/#primaryimage","url":"https:\/\/etn.com.mx\/img\/Bolsa_Trabajo.webp","contentUrl":"https:\/\/etn.com.mx\/img\/Bolsa_Trabajo.webp"},{"@type":"BreadcrumbList","@id":"https:\/\/etn.com.mx\/bolsa-de-trabajo\/#breadcrumb","itemListElement":[{"@type":"ListItem","position":1,"name":"Portada","item":"https:\/\/etn.com.mx\/bolsa-de-trabajo\/"},{"@type":"ListItem","position":2,"name":"Bolsa de Trabajo"}]},{"@type":"WebSite","@id":"https:\/\/etn.com.mx\/bolsa-de-trabajo\/#website","url":"https:\/\/etn.com.mx\/bolsa-de-trabajo\/","name":"Bolsa de Trabajo ETN Turistar","description":"","publisher":{"@id":"https:\/\/etn.com.mx\/bolsa-de-trabajo\/#organization"},"potentialAction":[{"@type":"SearchAction","target":{"@type":"EntryPoint","urlTemplate":"https:\/\/etn.com.mx\/bolsa-de-trabajo\/?s={search_term_string}"},"query-input":{"@type":"PropertyValueSpecification","valueRequired":true,"valueName":"search_term_string"}}],"inLanguage":"es"},{"@type":"Organization","@id":"https:\/\/etn.com.mx\/bolsa-de-trabajo\/#organization","name":"ETN Turistar","url":"https:\/\/etn.com.mx\/bolsa-de-trabajo\/","logo":{"@type":"ImageObject","inLanguage":"es","@id":"https:\/\/etn.com.mx\/bolsa-de-trabajo\/#\/schema\/logo\/image\/","url":"https:\/\/etn.com.mx\/bolsa-de-trabajo\/wp-content\/uploads\/2023\/02\/cropped-logo-etn.png","contentUrl":"https:\/\/etn.com.mx\/bolsa-de-trabajo\/wp-content\/uploads\/2023\/02\/cropped-logo-etn.png","width":1407,"height":193,"caption":"ETN Turistar"},"image":{"@id":"https:\/\/etn.com.mx\/bolsa-de-trabajo\/#\/schema\/logo\/image\/"}}]}},"_links":{"self":[{"href":"https:\/\/etn.com.mx\/bolsa-de-trabajo\/index.php?rest_route=\/wp\/v2\/pages\/67","targetHints":{"allow":["GET"]}}],"collection":[{"href":"https:\/\/etn.com.mx\/bolsa-de-trabajo\/index.php?rest_route=\/wp\/v2\/pages"}],"about":[{"href":"https:\/\/etn.com.mx\/bolsa-de-trabajo\/index.php?rest_route=\/wp\/v2\/types\/page"}],"author":[{"embeddable":true,"href":"https:\/\/etn.com.mx\/bolsa-de-trabajo\/index.php?rest_route=\/wp\/v2\/users\/1"}],"replies":[{"embeddable":true,"href":"https:\/\/etn.com.mx\/bolsa-de-trabajo\/index.php?rest_route=%2Fwp%2Fv2%2Fcomments&post=67"}],"version-history":[{"count":23,"href":"https:\/\/etn.com.mx\/bolsa-de-trabajo\/index.php?rest_route=\/wp\/v2\/pages\/67\/revisions"}],"predecessor-version":[{"id":2564,"href":"https:\/\/etn.com.mx\/bolsa-de-trabajo\/index.php?rest_route=\/wp\/v2\/pages\/67\/revisions\/2564"}],"wp:attachment":[{"href":"https:\/\/etn.com.mx\/bolsa-de-trabajo\/index.php?rest_route=%2Fwp%2Fv2%2Fmedia&parent=67"}],"curies":[{"name":"wp","href":"https:\/\/api.w.org\/{rel}","templated":true}]}}